 is p(93)?
53
Let q(d) = -3*d**3 + 71*d - 362. Determine q(7).
-894
Let c(h) = -h**3 + 34*h + 393. Calculate c(-12).
1713
Let b(l) = -38*l**2 - 339*l - 596. Determine b(-5).
149
Let u(g) = 435*g + 1023. Determine u(-2).
153
Let g(u) = -u**3 + 259*u**2 - 184*u + 47676. What is g(259)?
20
Let z(w) = -30*w**2 + 2326*w - 483. What is z(77)?
749
Let i(y) = 7259*y - 3353652. What is i(462)?
6
Let l(y) = 7*y**2 + 752*y + 15736. Determine l(-22).
2580
Let y(q) = 524274*q + 3145664. Determine y(-6).
20
Let x(v) = -781986*v + 1564013. What is x(2)?
41
Let z(r) = 4*r**2 + 12736*r - 38233. Give z(3).
11
Let t(y) = y**3 + 37*y**2 - 64*y + 781. Give t(-39).
235
Let h(q) = 1059*q - 364. Give h(-1).
-1423
Let t(y) = y**3 + 52*y**2 - 15824*y - 56766. Determine t(-153).
-3
Let d(h) = -h**3 + 154*h**2 + 214*h + 15418. Determine d(156).
130
Let g(s) = s**3 - 29*s**2 + 310*s - 305. Determine g(21).
2677
Let n(v) = -15165*v + 30336. Determine n(2).
6
Let w(k) = k**2 - 5831*k - 175480. Calculate w(-30).
350
Let a(d) = 24289*d + 291774. Give a(-12).
306
Let b(s) = 4*s**2 + 341*s + 3554. Calculate b(-15).
-661
Let k(v) = -19*v**2 + 22874*v - 68448. Calculate k(3).
3
Let j(u) = -1635413*u + 14718726. Calculate j(9).
9
Let g(z) = 32*z**2 - 80*z + 445. Determine g(6).
1117
Let d(z) = -z**3 - 47*z**2 + 438*z + 11697. What is d(-51)?
-237
Let j(g) = 3850*g - 69308. Give j(18).
-8
Let a(t) = -2*t**3 - 70*t**2 - 160*t - 827. What is a(-33)?
97
Let c(d) = -d**3 + 83*d**2 + 2*d + 69. Determine c(83).
235
Let f(a) = 10*a**3 + 937*a**2 - 3204*a - 297. Calculate f(-97).
-6
Let x(s) = 8*s**2 - 32*s + 211. Determine x(-6).
691
Let t(o) = -369*o**2 + 2762*o + 41588. Determine t(15).
-7
Let m(d) = d**2 - 15727*d - 2381496. Calculate m(-150).
54
Let p(m) = 516*m**2 + 2370*m + 2369. Determine p(-1).
515
Let w(i) = -257*i + 2401. Calculate w(7).
602
Let z(r) = 89*r**2 - 640*r + 98. What is z(7)?
-21
Let b(y) = 2*y**3 + 93*y**2 + 731*y + 41993. Give b(-48).
-7
Let n(b) = -11707*b**2 - 362919*b - 61. What is n(-31)?
1
Let l(y) = 2122*y - 53420. Determine l(25).
-370
Let h(j) = -j**2 + 303*j - 21593. What is h(188)?
27
Let d(u) = -9*u**3 + 64*u**2 + 92*u - 493. Calculate d(7).
200
Let r(b) = 3348*b + 30282. Determine r(-9).
150
Let x(f) = -217*f**2 - 19287*f + 2338. Determine x(-89).
24
Let i(f) = 1619725*f - 51831203. Give i(32).
-3
Let n(l) = l**2 - 8*l - 1877. Determine n(59).
1132
Let y(g) = -g**3 - 63*g**2 + 1424*g + 558. Calculate y(18).
-54
Let m(p) = 2891*p + 95404. What is m(-33)?
1
Let h(q) = 3*q**2 - 104*q - 1778. Calculate h(50).
522
Let n(t) = -235*t - 2945. Calculate n(-8).
-1065
Let m(z) = 8*z**2 + 1419*z - 9759. Calculate m(-184).
-7
Let g(o) = o**3 - 109*o**2 + 307*o - 33466. Calculate g(109).
-3
Let d(y) = 27998*y - 2323827. Determine d(83).
7
Let j(i) = 796*i - 53331. Calculate j(67).
1
Let n(t) = -884*t - 2466. Calculate n(-5).
1954
Let r(t) = 9*t**3 + 180*t**2 + 3*t + 113. Determine r(-20).
53
Let n(q) = 517*q + 74160. Calculate n(-143).
229
Let u(q) = 10*q**2 - 33*q + 106. Give u(13).
1367
Let w(m) = 17679*m + 17603. What is w(-1)?
-76
Let y(o) = -o**3 + 802*o**2 - 141711*o - 24792. Calculate y(539).
2
Let x(c) = 269*c + 23235. Give x(-96).
-2589
Let v(z) = 36704*z + 73335. Give v(-2).
-73
Let i(b) = -5439*b + 33678. Determine i(6).
1044
Let m(r) = 2*r**2 - 5851*r + 343870. What is m(60)?
10
Let c(g) = -3*g**3 - 42*g**2 + 33*g - 165. What is c(-15)?
15
Let s(z) = z**3 - 1585*z**2 + 16*z + 18. Calculate s(0).
18
Let m(r) = 716*r + 8007. Determine m(-10).
847
Let s(h) = -h**3 - 33*h**2 + 12852*h + 424118. What is s(-33)?
2
Let k(h) = 7*h**2 + 618*h - 676. What is k(-89)?
-231
Let y(d) = -533*d + 221196. Calculate y(415).
1
Let p(f) = -649*f**3 + 2*f**2 + 10*f + 7. Determine p(-1).
648
Let s(q) = q**3 - 9*q**2 + 39*q - 74. What is s(13)?
1109
Let n(l) = -3*l**2 - l + 2259. Determine n(-27).
99
Let t(z) = 3*z**3 + 107*z**2 - 57*z - 853. Give t(-36).
-97
Let v(s) = -3455*s - 20718. Give v(-6).
12
Let r(c) = 67*c**2 + 175*c - 1. Determine r(2).
617
Let c(b) = 59649*b + 4533317. Give c(-76).
-7
Let d(v) = -2*v**3 - 212*v**2 - 2219*v + 3099. Give d(-94).
-379
Let f(y) = -13*y**2 - 539*y - 5461. What is f(-23)?
59
Let a(n) = 20956*n - 1110742. Give a(53).
-74
Let m(y) = -28*y**2 - 15023*y - 275333. Calculate m(-19).
-4
Let f(n) = 17*n**2 - 6195*n + 2536. Give f(364).
-12
Let c(w) = 5*w**2 + 1371*w + 15894. Determine c(-12).
162
Let f(s) = -68666*s - 824036. Calculate f(-12).
-44
Let r(b) = 30*b**3 - 34*b**2 - 69*b - 1. What is r(-2)?
-239
Let o(t) = t**3 + 1566*t**2 - 3080*t - 107. Calculate o(2).
5
Let a(x) = -58523*x - 819326. Calculate a(-14).
-4
Let y(w) = 31863*w - 96965. What is y(3)?
-1376
Let g(w) = 1523*w - 569587. Determine g(374).
15
Let a(y) = -y**3 + 14*y**2 + 170*y - 489. What is a(21)?
-6
Let a(v) = -v**3 - 24*v**2 + 34*v + 2513. Determine a(-15).
-22
Let q(h) = h**3 - 1199*h**2 + 140848*h - 4271. Give q(1067).
-3
Let s(x) = -5*x**3 + 1316*x**2 - 262*x - 260. Give s(263).
3
Let d(a) = -8419*a + 42901. Give d(5).
806
Let b(h) = -53*h**2 - 976*h - 24. Calculate b(-18).
372
Let m(j) = 2*j**3 - 8*j**2 - 35912*j + 107746. Give m(3).
-8
Let o(h) = -h**3 - 21*h**2 - 279*h - 4940. Determine o(-20).
240
Let o(s) = 3*s**3 + 67*s**2 + 357*s - 45. Calculate o(-9).
-18
Let o(l) = 7*l**2 + 1720*l - 5545. Give o(-249).
182
Let c(g) = 4487*g - 367934. Determine c(82).
0
Let m(l) = -40*l**3 - 99*l**2 + 14*l - 29. Determine m(-3).
118
Let m(o) = 3740*o - 67403. Calculate m(18).
-83
Let t(d) = 6*d**3 - 160*d**2 + 85*d + 159. Calculate t(26).
-335
Let d(p) = -1085*p + 149741. What is d(138)?
11
Let z(c) = -56*c**3 - 3*c**2 - 2659*c - 5305. What is z(-2)?
449
Let l(k) = 3*k**3 + 86*k**2 + 58*k + 137. Determine l(-28).
81
Let o(q) = -1022*q - 62381. Determine o(-61).
-39
Let l(h) = h**2 + 1241*h + 160522. Determine l(-147).
-296
Let w(o) = 2*o**3 - 53*o**2 - 10*o + 146. What is w(27)?
605
Let q(x) = -544*x + 18999. Calculate q(35).
-41
Let f(z) = z**2 - 42*z - 1018. Determine f(62).
222
Let u(h) = 3*h**3 - 724*h**2 + 5128*h + 4658. Determine u(234).
-22
Let x(o) = -o**2 - 72*o + 81636. What is x(252)?
-12
Let z(w) = -11*w**2 + 44639*w - 888378. What is z(20)?
2
Let o(n) = n**2 - 2114*n - 125972. What is o(-58)?
4
Let o(b) = 2*b**2 - 16259*b + 1192224. What is o(74)?
10
Let u(a) = 5*a**2 + 157*a - 338. What is u(-31)?
-400
Let g(a) = 122*a + 19545. What is g(-160)?
25
Let y(t) = 12*t**3 + 608*t**2 - 318*t - 5825. Give y(-51).
-11
Let w(o) = 2*o**3 + 870*o**2 + 518*o - 151904. Give w(-434).
-4
Let h(w) = -27*w**2 - 138*w + 38. Give h(-6).
-106
Let n(t) = -11*t**2 - 355*t - 2128. What is n(-6)?
-394
Let k(n) = 2239*n - 246255. Give k(110).
35
Let d(u) = 310194*u + 310192. Determine d(-1).
-2
Let c(t) = t**3 - t**2 - 40*t - 284. Calculate c(-8).
-540
Let v(f) = -962*f**2 - 7589*f + 848. Calculate v(-8).
-8
Let y(i) = -25*i**3 + 206*i**2 + 156*i - 1634. What is y(8)?
-2
Let t(s) = -3*s**2 - 13822*s - 193123. Give t(-14).
-203
Let c(n) = 11293*n + 2168261. Calculate c(-192).
5
Let l(t) = -17*t**2 + 75*t + 226. Determine l(-3).
-152
Let o(u) = 7*u**2 + 340*u + 598. What is o(-38)?
-2214
Let t(z) = 1739820*z - 26097282. Give t(15).
18
Let l(a) = a**3 + 178*a**2 + 1019*a - 2207. Determine l(-172).
29
Let g(d) = 1739*d + 1550. Determine g(-3).
-3667
Let z(y) = -y**2 + 22612*y + 158276. Give z(-7).
-57
Let a(n) = -10*n**3 - 3312*n**2 - 861*n - 65935. What is a(-331)?
-66
Let c(o) = 29*o**3 + 115*o**2 - 242*o - 960. Give c(-4).
-8
Let i(y) = -y**3 - 41*y**2 + 3360*y - 150. What is i(-82)?
14
Let r(j) = -3*j**3 + 1107*j**2 - 1108*j + 1598. What is r(368)?
126
Let f(t) = -t**2 + 642*t + 3047579. Determine f(-1454).
-5
Let g(k) = k**3 - 11*k**2 - 7*k + 127. Determine g(5).
-58
Let z(l) = l**3 + 85*l**2 + 160*l - 1023. Determine z(-83).
-525
Let f(z) = 53448*z - 587944. Determine f(11).
-16
Let z(i) = -4*i**2 - 122*i + 937. What is z(7)?
-113
Let q(v) = -3*v**2 + 297*v - 3070. Give q(12).
62
Let n(s) = -4*s**2 - 762*s + 20606. Calculate n(24).
14
Let w(c) = 19*c**3 - 6*c**2 - 240*c + 245. Give w(1).
18
Let q(o) = -55*o**2 + 613*o - 1305. What is q(8)?
79
Let t(b) = 3*b**2 - 765*b + 5289. What is t(7)?
81
Let q(m) = m**3 - 989*m**2 - 11028*m + 28033. What is q(1000)?
33
Let d(a) = a**3 + a**2 - 